dreds digit of k(-4)?
3
What is the tens digit of ((-14)/(-8))/((-5)/(-8520))?
8
Let y(l) = 33*l + 56. Let v(i) = 67*i + 108. Let w(s) = -2*v(s) + 5*y(s). What is the units digit of w(18)?
2
Let v(k) = 24*k**2 + 64*k + 13. What is the units digit of v(-15)?
3
Suppose -14*n - 2403450 = -123*n. What is the ten thousands digit of n?
2
Let w = -216 - -108. Let l = w - -427. What is the units digit of l?
9
Let h = -618 + -1085. Let v = -896 - h. What is the units digit of v?
7
Suppose 3*w = -w - 88. Let n be w/(-6) + 8/24. Suppose -4*u - 2*c + 72 = u, -n*u + 2*c = -72. What is the units digit of u?
6
Let v = -298 - -597. Let z be 2/(-8) - (-39)/12. Suppose z*j + 0*n + 5*n = v, 449 = 5*j - 4*n. What is the units digit of j?
3
Let s be 3 - ((-10)/35 - (-15)/(-21)). Suppose -d - z = s*z + 36, -5*z - 204 = 4*d. Let b = d - -131. What is the units digit of b?
5
Let b be ((-40)/(-7))/(2/7). Suppose 2*i = -2*i + b. Suppose 3*t = -i*j - t + 73, -42 = -4*j + 5*t. What is the tens digit of j?
1
Let w be -1 + (4 - 1)*1. Let d(q) = -2*q**3 + 3*q**2 + 14*q - 22. Let c be d(2). Suppose 6*m + 46 = w*r + 5*m, 0 = -2*r + c*m + 44. What is the tens digit of r?
2
Let x(b) = 233*b**2 + 112*b - 1209. What is the tens digit of x(13)?
2
Let a = -163 + 168. What is the units digit of -2 + a/5 + 259?
8
Let w(q) = -8*q**2 + 6*q**2 + q**2 - 9 - 27*q. What is the tens digit of w(-14)?
7
Suppose -5*l - 137 = -427. Let t(o) = o**3 + 10*o**2 + 3. Let g be t(-10). Let k = l - g. What is the units digit of k?
5
Suppose -s + 5*s - 2*w = 4874, -2*s - w = -2427. What is the units digit of 9/3 + -3 + s?
6
Let y be ((-169)/(-26))/((-3)/12). Let i = y + 132. What is the hundreds digit of i?
1
Suppose -2*b + 3*b = -2, 0 = -u + 2*b + 130. Let s(a) = u*a**2 + 27 - 28 - 4*a + 4*a. What is the units digit of s(1)?
5
Let t(o) be the first derivative of 8 - 1/3*o**3 + 13/2*o**2 - 19*o. What is the units digit of t(8)?
1
Suppose -95*m = 10*m - 267750. What is the hundreds digit of m?
5
Suppose 4*f - 4 = -5*u - 50, 3*u + 27 = -3*f. Let s(z) = 5*z**2 - z - 2. Let g be s(-1). What is the units digit of u/(-4)*(34 + g)?
5
Let q be (3 + 48/(-18))*3*2. Suppose -t = q*f - 32, 0 = -5*f - 0*f + 20. Suppose 2*p + 2*c = 526, 230 + t = p - 2*c. What is the hundreds digit of p?
2
Let k be -1 - (-1 - -3)*-200. Suppose -3*a - 1721 = -4*i + 2*a, -i - 5*a + k = 0. What is the hundreds digit of i?
4
Let w = -176 + 86. Let c = w - -157. What is the units digit of c?
7
Suppose 4*g - 21369 - 6719 = 2*l, 3*l = -3*g + 21057. What is the thousands digit of g?
7
Let r(o) = 2*o**3 + 9*o**2 + o - 8. Let u be r(-4). Let a(b) = 14. Let t(d) = d + 1. Let y(i) = a(i) - t(i). What is the units digit of y(u)?
9
Let n(b) = -4*b + 62. Let i(u) = -50*u + 745. Let r(j) = 3*i(j) - 35*n(j). What is the tens digit of r(0)?
6
Suppose -24*b + 1148 = -20*b. Let a = -84 + b. What is the units digit of a?
3
Suppose 0 = -2*y - 124 + 146. Suppose 0 = -y*f + 16*f - 5765. What is the thousands digit of f?
1
Let c(v) = -1212*v + 704. What is the units digit of c(-5)?
4
Let f(r) = -r**3 - 3*r**2 - 7*r - 8. Let b be f(-2). What is the hundreds digit of 5 - (2 + b + -584)?
5
Let n be 6 - -2 - (2 + (11 - 5)). Suppose -6*l + l + 4*y = -4654, -2*y = 2*l - 1858. Suppose -5*z + n*z + l = 0. What is the units digit of z?
6
Suppose -40*h + 44*h - 22176 = 0. Suppose -147*v + 140*v = -h. What is the units digit of v?
2
Let p(o) = -2*o**2 - 3*o - 3. Let m be p(-4). Let d = -3986 - -4025. Let b = m + d. What is the units digit of b?
6
Let o be 54691/(-28) - (-2)/(-2 + 10). What is the tens digit of (0 + o)/(-3) - (21 + -21)?
5
Suppose -2*h + 3*n = 59 + 177, 580 = -5*h + 5*n. What is the units digit of h/728 + (-4606)/(-26)?
7
Suppose 5*q = m + 8133, 0 = -q - m - 3*m + 1614. What is the tens digit of 220/(-44) + (q - -2 - 2)?
2
Let i(c) = 3*c**2 - 10*c + 17. Let w be i(3). What is the units digit of (-4)/w + 135/105?
1
Suppose -30 = 2*d - 24. Let u be (24/(-30))/(7251/2415 + d). What is the units digit of 2*(u/(-4) + 3)?
7
Suppose -12*i + 17426 - 902 = 0. Suppose -2*c + 1405 + i = 0. What is the units digit of c?
1
Suppose 2*u - 25 = -3*u. Let w(d) be the third derivative of 5*d**4/8 + 11*d**3/3 - 285*d**2. What is the units digit of w(u)?
7
Let v(m) = 9*m**2 + 16*m - 55. Let d be v(-13). Let b = d + -729. What is the units digit of b?
9
Let u(i) be the first derivative of -i**4/2 + 29*i**3/3 - i**2/2 + 35*i + 200. What is the hundreds digit of u(14)?
2
Let v(b) = -2*b + 6970. Let k be v(0). Suppose -6*u + 23*u - k = 0. What is the hundreds digit of u?
4
Let m = -213 - -215. What is the hundreds digit of (-15390)/(-40) - m/(-8*1)?
3
Suppose 0*o - 4*o - 2*j = -12342, o = 5*j + 3080. What is the thousands digit of o?
3
Let r = -38 + 41. Suppose -p + 26 = r*b - 45, 9 = 3*b. Suppose -w + p = 11. What is the tens digit of w?
5
Let v = -10 + 19. Let y(w) = -108 + 2*w + 5*w + 123. What is the tens digit of y(v)?
7
Let l(c) = 39*c. Let f be l(4). Let x = 1 + f. Suppose -5*z - 326 = -3*n, z = -n - 51 + x. What is the units digit of n?
7
Suppose -3*n + 4*n = 7. Let o(a) = -44*a - a**3 + n*a**3 + 2*a**2 + 43*a + 8*a**3 - 4. What is the hundreds digit of o(2)?
1
Suppose -9*u - 23 - 4 = 0. Let h be (u/9)/(2/618). Let y = 188 + h. What is the tens digit of y?
8
Let z = 3838 + -24. What is the units digit of z?
4
Let b(o) = 8*o + 14. Let u(y) = -y**2 + 24*y + 41. Let s(r) = 11*b(r) - 4*u(r). Let t be (-1 - 2)*(5 - -1)/(-2). What is the hundreds digit of s(t)?
2
Let n(m) = 75*m**2 + 45*m - 289. What is the tens digit of n(12)?
5
Let h = 2228 - 1469. Suppose -8*a + h = -5*a. What is the tens digit of a?
5
Suppose -f + 6 + 8 = 0. Suppose 3*q + 3*l = 1 + f, 0 = q + 4*l - 20. Suppose 3*w + q*d - 3*d = 201, -3*d + 47 = w. What is the units digit of w?
2
Let i(f) = 3*f**2 - 81*f + 92. Let m(c) = 39*c + 310. Let t be m(-7). What is the hundreds digit of i(t)?
2
Suppose -5*h - 2*h = -3213. Suppose -2*k + 0*k = 0. Suppose -2*m - h = -5*m - 3*p, k = -3*m + 5*p + 427. What is the units digit of m?
9
Let c = -18 - -35. Suppose -7*x + c = 4*b - 2*x, 0 = 4*b + 2*x - 14. Let p(g) = g**3 + 4*g**2 - g - 6. What is the tens digit of p(b)?
5
Suppose -3*t + 6 + 3 = 0. Let g be 1 + (t + 13)/(1 - 0). Suppose -3 = -4*s + g. What is the units digit of s?
5
Let n = 310 - -172. Let r(z) = 2*z + 1. Let v be r(2). What is the tens digit of (-1)/v - n/(-10)?
4
Let a be 0/(-8 - 70/(-10)). Suppose a = -3*m - 4*x + 1984, 0*m - 3*x = 3*m - 1983. What is the units digit of m?
0
Let s(j) = 7*j - 66. Let n be s(10). Suppose p + o = 352, p + n*o - 470 = -112. What is the units digit of p?
0
What is the hundreds digit of (-1)/5 - 216468/(-140)?
5
Suppose -6*x = 9 - 3. Let k be 6/(-4)*2*(0 - x). Let f(t) = -17*t - 9. What is the tens digit of f(k)?
4
Suppose 12*q = -5*q + 340. Let t be 212/q*(0 + 5). Suppose 31 + t = 2*s. What is the units digit of s?
2
Let h(o) = o**3 + 12*o + 21. Let n be h(6). Let m = 386 - n. What is the tens digit of m?
7
Suppose -3*w + 91 = -437. Suppose v + 3*q + 919 = 6*v, -v = 2*q - w. Suppose 3*a = -n + v, 0 = -2*n + 2*a - 6*a + 366. What is the units digit of n?
5
Suppose 3*k - f - 470 = 0, -6*k - 2*f + 145 = -5*k. What is the units digit of (-4 - -3) + (k - -1)?
5
Let p(f) = f**3 - 20*f**2 - 24*f + 52. Let h be p(21). Let o(d) = -d**3 - 9*d**2 - 10*d + 6. What is the tens digit of o(h)?
5
Suppose 0 = -4*s + 5*m + 12047, 84*s - 82*s - 3*m - 6021 = 0. What is the thousands digit of s?
3
Let g = -750 - -749. Let t(a) = -795*a**3 - 3*a**2 - 11*a - 10. What is the tens digit of t(g)?
9
Let w(u) = 9283*u**2 - 12. What is the tens digit of w(-1)?
7
Suppose 0 = -2*u + 4*u - y - 26, 0 = -4*y - 16. Let k = u - 14. What is the units digit of -40*(k - (-3)/(-6))?
0
Let k(z) = -z**2 + 12*z + 3. Let q be k(12). Let t(n) = n**3 - 5*n**2 - 23*n - 15. Let m be t(10). Suppose 0*f = q*f - m. What is the units digit of f?
5
Let p(q) = q**2 + 67*q - 2368. What is the tens digit of p(-120)?
9
Suppose a + 0*a - 3 = 0. Let r(o) = -10*o + a*o + 5*o**3 + 4*o**2 + o**2. What is the hundreds digit of r(3)?
1
Let w(l) = -174*l**3 - l**2 - 26*l + 1. What is the tens digit of w(-5)?
5
Suppose 1195*y - 1204*y + 75483 = 0. What is the units digit of y?
7
Suppose -3*k = 4*h - 4012, 0 = -8*h + 11*h - k - 3022. Su